{"id":1045,"date":"2014-03-07T11:38:00","date_gmt":"2014-03-07T11:38:00","guid":{"rendered":"https:\/\/www.marchemodevintage.com\/?page_id=1045"},"modified":"2014-03-07T11:38:00","modified_gmt":"2014-03-07T11:38:00","slug":"thank-registration","status":"publish","type":"page","link":"https:\/\/www.marchemodevintage.com\/en\/exhibitors-form\/thank-registration\/","title":{"rendered":"Thank you for your registration"},"content":{"rendered":"<p>&nbsp;<\/p>\n<p>The commercial team of the March\u00e9 de la Mode Vintage has received your registration request and we thank you in advance for your participation.<\/p>\n<p>We will now process your request and shortly thereafter we will send your definitive invoice in which we will apply the acceptance of your participation.<\/p>\n<p>\u00a0If necessary, our commercial team will contact you to clarify your request and inform you of our decision.<\/p>\n<p>Thank you very much for your participation in the next March\u00e9 de la Mode Vintage, and we wish you our best regards.<\/p>\n<p>The commercial team<\/p>\n<p>pjbrivet sas &#8211; march\u00e9 de la mode vintage<\/p>\n<p>&nbsp;<\/p>\n<p>&nbsp;<\/p>\n","protected":false},"excerpt":{"rendered":"<p>&nbsp; The commercial team of the March\u00e9 de la Mode Vintage has received your registration request and we thank you in advance for your participation. [&hellip;]<\/p>\n","protected":false},"author":4,"featured_media":0,"parent":1116,"menu_order":0,"comment_status":"closed","ping_status":"closed","template":"","meta":{"_acf_changed":false,"footnotes":""},"class_list":["post-1045","page","type-page","status-publish","hentry"],"acf":[],"yoast_head":"<!-- This site is optimized with the Yoast SEO plugin v27.0 - https:\/\/yoast.com\/product\/yoast-seo-wordpress\/ -->\n<title>Thank you for your registration - March\u00e9 de la Mode Vintage<\/title>\n<meta name=\"robots\" content=\"index, follow, max-snippet:-1, max-image-preview:large, max-video-preview:-1\" \/>\n<link rel=\"canonical\" href=\"https:\/\/www.marchemodevintage.com\/en\/exhibitors-form\/thank-registration\/\" \/>\n<meta property=\"og:locale\" content=\"en_US\" \/>\n<meta property=\"og:type\" content=\"article\" \/>\n<meta property=\"og:title\" content=\"Thank you for your registration - March\u00e9 de la Mode Vintage\" \/>\n<meta property=\"og:description\" content=\"&nbsp; The commercial team of the March\u00e9 de la Mode Vintage has received your registration request and we thank you in advance for your participation. [&hellip;]\" \/>\n<meta property=\"og:url\" content=\"https:\/\/www.marchemodevintage.com\/en\/exhibitors-form\/thank-registration\/\" \/>\n<meta property=\"og:site_name\" content=\"March\u00e9 de la Mode Vintage\" \/>\n<meta name=\"twitter:label1\" content=\"Est. reading time\" \/>\n\t<meta name=\"twitter:data1\" content=\"1 minute\" \/>\n<!-- \/ Yoast SEO plugin. -->","yoast_head_json":{"title":"Thank you for your registration - March\u00e9 de la Mode Vintage","robots":{"index":"index","follow":"follow","max-snippet":"max-snippet:-1","max-image-preview":"max-image-preview:large","max-video-preview":"max-video-preview:-1"},"canonical":"https:\/\/www.marchemodevintage.com\/en\/exhibitors-form\/thank-registration\/","og_locale":"en_US","og_type":"article","og_title":"Thank you for your registration - March\u00e9 de la Mode Vintage","og_description":"&nbsp; The commercial team of the March\u00e9 de la Mode Vintage has received your registration request and we thank you in advance for your participation. [&hellip;]","og_url":"https:\/\/www.marchemodevintage.com\/en\/exhibitors-form\/thank-registration\/","og_site_name":"March\u00e9 de la Mode Vintage","twitter_misc":{"Est. reading time":"1 minute"},"schema":{"@context":"https:\/\/schema.org","@graph":[{"@type":"WebPage","@id":"https:\/\/www.marchemodevintage.com\/en\/exhibitors-form\/thank-registration\/","url":"https:\/\/www.marchemodevintage.com\/en\/exhibitors-form\/thank-registration\/","name":"Thank you for your registration - March\u00e9 de la Mode Vintage","isPartOf":{"@id":"https:\/\/www.marchemodevintage.com\/#website"},"datePublished":"2014-03-07T11:38:00+00:00","breadcrumb":{"@id":"https:\/\/www.marchemodevintage.com\/en\/exhibitors-form\/thank-registration\/#breadcrumb"},"inLanguage":"en-US","potentialAction":[{"@type":"ReadAction","target":["https:\/\/www.marchemodevintage.com\/en\/exhibitors-form\/thank-registration\/"]}]},{"@type":"BreadcrumbList","@id":"https:\/\/www.marchemodevintage.com\/en\/exhibitors-form\/thank-registration\/#breadcrumb","itemListElement":[{"@type":"ListItem","position":1,"name":"Home","item":"https:\/\/www.marchemodevintage.com\/en\/"},{"@type":"ListItem","position":2,"name":"Exhibitors form","item":"https:\/\/www.marchemodevintage.com\/en\/exhibitors-form\/"},{"@type":"ListItem","position":3,"name":"Thank you for your registration"}]},{"@type":"WebSite","@id":"https:\/\/www.marchemodevintage.com\/#website","url":"https:\/\/www.marchemodevintage.com\/","name":"March\u00e9 de la Mode Vintage","description":"Le salon du vintage depuis 2001","potentialAction":[{"@type":"SearchAction","target":{"@type":"EntryPoint","urlTemplate":"https:\/\/www.marchemodevintage.com\/?s={search_term_string}"},"query-input":{"@type":"PropertyValueSpecification","valueRequired":true,"valueName":"search_term_string"}}],"inLanguage":"en-US"}]}},"jetpack_sharing_enabled":true,"jetpack_shortlink":"https:\/\/wp.me\/P9mabT-gR","jetpack-related-posts":[{"id":634,"url":"https:\/\/www.marchemodevintage.com\/inscription-exposants\/merci\/","url_meta":{"origin":1045,"position":0},"title":"Merci pour votre inscription","author":"Stagiaire","date":"28 August 2013","format":false,"excerpt":"L'\u00e9quipe commerciale du salon March\u00e9 de la Mode Vintage a bien re\u00e7u votre demande d'inscription et nous vous en remercions. Nous allons traiter votre demande et nous vous ferons parvenir votre facture d\u00e9finitive qui vaudra acceptation de votre participation. En cas de besoin, notre \u00e9quipe commerciale vous contactera pour pr\u00e9ciser\u2026","rel":"","context":"Similar post","block_context":{"text":"Similar post","link":""},"img":{"alt_text":"","src":"","width":0,"height":0},"classes":[]},{"id":8062,"url":"https:\/\/www.marchemodevintage.com\/mmv-la-sucriere-lyon-2026\/","url_meta":{"origin":1045,"position":1},"title":"LYON 2026","author":"Stagiaire","date":"23 November 2023","format":false,"excerpt":"La 30\u1d49 \u00e9dition du March\u00e9 de la Mode Vintage \u00e0 Lyon, c'est fini ! Restez connect\u00e9s pour la suite... \u2728 \u00a0 \u00c9v\u00e9nement r\u00e9f\u00e9rence dans l\u2019univers du vintage en France, le March\u00e9 de la Mode Vintage c\u00e9l\u00e8brera en 2026 sa 30\u1d49 \u00e9dition. Mode, accessoires, d\u00e9coration, mobilier, r\u00e9trogaming\u2026 une s\u00e9lection vari\u00e9e vous\u2026","rel":"","context":"Similar post","block_context":{"text":"Similar post","link":""},"img":{"alt_text":"","src":"https:\/\/i0.wp.com\/www.marchemodevintage.com\/wp-content\/uploads\/Banniere-web-MMV-CF.png?resize=350%2C200&quality=100&strip=all&ssl=1","width":350,"height":200,"srcset":"https:\/\/i0.wp.com\/www.marchemodevintage.com\/wp-content\/uploads\/Banniere-web-MMV-CF.png?resize=350%2C200&quality=100&strip=all&ssl=1 1x, https:\/\/i0.wp.com\/www.marchemodevintage.com\/wp-content\/uploads\/Banniere-web-MMV-CF.png?resize=525%2C300&quality=100&strip=all&ssl=1 1.5x, https:\/\/i0.wp.com\/www.marchemodevintage.com\/wp-content\/uploads\/Banniere-web-MMV-CF.png?resize=700%2C400&quality=100&strip=all&ssl=1 2x, https:\/\/i0.wp.com\/www.marchemodevintage.com\/wp-content\/uploads\/Banniere-web-MMV-CF.png?resize=1050%2C600&quality=100&strip=all&ssl=1 3x, https:\/\/i0.wp.com\/www.marchemodevintage.com\/wp-content\/uploads\/Banniere-web-MMV-CF.png?resize=1400%2C800&quality=100&strip=all&ssl=1 4x"},"classes":[]},{"id":230,"url":"https:\/\/www.marchemodevintage.com\/accueil-2__trashed\/","url_meta":{"origin":1045,"position":2},"title":"Accueil","author":"Stagiaire","date":"23 August 2013","format":false,"excerpt":"Le prochain salon du March\u00e9 de la Mode Vintage revient les 15 et 16 mars 2025 ! LYON : Retour sur les 5 et 6 octobre 2024\u00a0\u00e0 La Sucri\u00e8re\u00a0Confluence Apr\u00e8s un retour remarqu\u00e9 en 2018 dans le quartier de la Confluence \u00e0 LYON o\u00f9 il est n\u00e9, le March\u00e9 de\u2026","rel":"","context":"Similar post","block_context":{"text":"Similar post","link":""},"img":{"alt_text":"","src":"https:\/\/i0.wp.com\/www.marchemodevintage.com\/wp-content\/uploads\/Merci-pour-lannee-2024-a-lannee-prochaine-en-2025-.png?resize=350%2C200&quality=100&strip=all&ssl=1","width":350,"height":200,"srcset":"https:\/\/i0.wp.com\/www.marchemodevintage.com\/wp-content\/uploads\/Merci-pour-lannee-2024-a-lannee-prochaine-en-2025-.png?resize=350%2C200&quality=100&strip=all&ssl=1 1x, https:\/\/i0.wp.com\/www.marchemodevintage.com\/wp-content\/uploads\/Merci-pour-lannee-2024-a-lannee-prochaine-en-2025-.png?resize=525%2C300&quality=100&strip=all&ssl=1 1.5x, https:\/\/i0.wp.com\/www.marchemodevintage.com\/wp-content\/uploads\/Merci-pour-lannee-2024-a-lannee-prochaine-en-2025-.png?resize=700%2C400&quality=100&strip=all&ssl=1 2x, https:\/\/i0.wp.com\/www.marchemodevintage.com\/wp-content\/uploads\/Merci-pour-lannee-2024-a-lannee-prochaine-en-2025-.png?resize=1050%2C600&quality=100&strip=all&ssl=1 3x, https:\/\/i0.wp.com\/www.marchemodevintage.com\/wp-content\/uploads\/Merci-pour-lannee-2024-a-lannee-prochaine-en-2025-.png?resize=1400%2C800&quality=100&strip=all&ssl=1 4x"},"classes":[]},{"id":7333,"url":"https:\/\/www.marchemodevintage.com\/mymarchy-rendez-createurs-lifestyle-vintage-ligne\/","url_meta":{"origin":1045,"position":3},"title":"MyMarchy, votre rendez-vous cr\u00e9ateurs, lifestyle et vintage en ligne","author":"Stagiaire","date":"1 September 2021","format":false,"excerpt":"\u00a0 MyMarchy, notre place de march\u00e9 engag\u00e9e ! Des marques lifestyle, des artisans, des cr\u00e9ateurs, des marchands vintage ont choisi MyMarchy pour vendre aupr\u00e8s\u00a0de vous leur collection fait-main, made in France ou seconde main\u2026\u00a0De quoi vous faire plaisir toute l'anne\u0301e, me\u0302me en dehors de nos salons ! MyMarchy c\u2019est quoi\u2026","rel":"","context":"Similar post","block_context":{"text":"Similar post","link":""},"img":{"alt_text":"","src":"https:\/\/i0.wp.com\/www.marchemodevintage.com\/wp-content\/uploads\/Sans-titre-8.png?resize=350%2C200&quality=100&strip=all&ssl=1","width":350,"height":200,"srcset":"https:\/\/i0.wp.com\/www.marchemodevintage.com\/wp-content\/uploads\/Sans-titre-8.png?resize=350%2C200&quality=100&strip=all&ssl=1 1x, https:\/\/i0.wp.com\/www.marchemodevintage.com\/wp-content\/uploads\/Sans-titre-8.png?resize=525%2C300&quality=100&strip=all&ssl=1 1.5x, https:\/\/i0.wp.com\/www.marchemodevintage.com\/wp-content\/uploads\/Sans-titre-8.png?resize=700%2C400&quality=100&strip=all&ssl=1 2x, https:\/\/i0.wp.com\/www.marchemodevintage.com\/wp-content\/uploads\/Sans-titre-8.png?resize=1050%2C600&quality=100&strip=all&ssl=1 3x"},"classes":[]},{"id":350,"url":"https:\/\/www.marchemodevintage.com\/presse\/","url_meta":{"origin":1045,"position":4},"title":"Presse","author":"Stagiaire","date":"23 June 2020","format":false,"excerpt":"Contact Presse Lyon : Christelle Cimeti\u00e8re - Agence emc 04.72.19.69.36 presse@agence-emc.com \u00a0 Contact Presse Toulon : Hugo Robert - Ivanho\u00e9 04.78.92.68.17 communication@ivanor.fr \u00a0 LYON 07.08 Mars 2026 Communiqu\u00e9 de Presse March\u00e9 de la Mode Vintage LYON 07.08 mars 2026 Retomb\u00e9e presse : Le March\u00e9 de la mode vintage sort le\u2026","rel":"","context":"Similar post","block_context":{"text":"Similar post","link":""},"img":{"alt_text":"","src":"https:\/\/i0.wp.com\/www.marchemodevintage.com\/wp-content\/uploads\/MARCHE_MODE_VINTAGE_LYON_FEMMES-212x212.png?resize=350%2C200&quality=100&strip=all&ssl=1","width":350,"height":200,"srcset":"https:\/\/i0.wp.com\/www.marchemodevintage.com\/wp-content\/uploads\/MARCHE_MODE_VINTAGE_LYON_FEMMES-212x212.png?resize=350%2C200&quality=100&strip=all&ssl=1 1x, https:\/\/i0.wp.com\/www.marchemodevintage.com\/wp-content\/uploads\/MARCHE_MODE_VINTAGE_LYON_FEMMES-212x212.png?resize=525%2C300&quality=100&strip=all&ssl=1 1.5x, https:\/\/i0.wp.com\/www.marchemodevintage.com\/wp-content\/uploads\/MARCHE_MODE_VINTAGE_LYON_FEMMES-212x212.png?resize=700%2C400&quality=100&strip=all&ssl=1 2x, https:\/\/i0.wp.com\/www.marchemodevintage.com\/wp-content\/uploads\/MARCHE_MODE_VINTAGE_LYON_FEMMES-212x212.png?resize=1050%2C600&quality=100&strip=all&ssl=1 3x, https:\/\/i0.wp.com\/www.marchemodevintage.com\/wp-content\/uploads\/MARCHE_MODE_VINTAGE_LYON_FEMMES-212x212.png?resize=1400%2C800&quality=100&strip=all&ssl=1 4x"},"classes":[]},{"id":142,"url":"https:\/\/www.marchemodevintage.com\/partenaires\/","url_meta":{"origin":1045,"position":5},"title":"Partenaires","author":"Stagiaire","date":"22 August 2013","format":false,"excerpt":"Avec le support de la m\u00e9tropole du Grand Lyon, le salon du March\u00e9 de la Mode Vintage b\u00e9n\u00e9ficie \u00e0 nouveau d'une puissante campagne d'affichage \u00e0 Lyon.\u00a0 \u00a0 Pour lancer l'enseigne \u00e0 Lyon, Hard Rock Caf\u00e9 a choisi de s'associer au salon du March\u00e9 de la Mode Vintage dont le public\u2026","rel":"","context":"Similar post","block_context":{"text":"Similar post","link":""},"img":{"alt_text":"LOGO_GRANDLYON ","src":"https:\/\/i0.wp.com\/www.marchemodevintage.com\/wp-content\/uploads\/LOGO_GRANDLYON-11.jpg?resize=350%2C200&quality=100&strip=all&ssl=1","width":350,"height":200},"classes":[]}],"_links":{"self":[{"href":"https:\/\/www.marchemodevintage.com\/en\/wp-json\/wp\/v2\/pages\/1045","targetHints":{"allow":["GET"]}}],"collection":[{"href":"https:\/\/www.marchemodevintage.com\/en\/wp-json\/wp\/v2\/pages"}],"about":[{"href":"https:\/\/www.marchemodevintage.com\/en\/wp-json\/wp\/v2\/types\/page"}],"author":[{"embeddable":true,"href":"https:\/\/www.marchemodevintage.com\/en\/wp-json\/wp\/v2\/users\/4"}],"replies":[{"embeddable":true,"href":"https:\/\/www.marchemodevintage.com\/en\/wp-json\/wp\/v2\/comments?post=1045"}],"version-history":[{"count":2,"href":"https:\/\/www.marchemodevintage.com\/en\/wp-json\/wp\/v2\/pages\/1045\/revisions"}],"predecessor-version":[{"id":1047,"href":"https:\/\/www.marchemodevintage.com\/en\/wp-json\/wp\/v2\/pages\/1045\/revisions\/1047"}],"up":[{"embeddable":true,"href":"https:\/\/www.marchemodevintage.com\/en\/wp-json\/wp\/v2\/pages\/1116"}],"wp:attachment":[{"href":"https:\/\/www.marchemodevintage.com\/en\/wp-json\/wp\/v2\/media?parent=1045"}],"curies":[{"name":"wp","href":"https:\/\/api.w.org\/{rel}","templated":true}]}}

<p>&nbsp;</p>
<p>The commercial team of the Marché de la Mode Vintage has received your registration request and we thank you in advance for your participation.</p>
<p>We will now process your request and shortly thereafter we will send your definitive invoice in which we will apply the acceptance of your participation.</p>
<p> If necessary, our commercial team will contact you to clarify your request and inform you of our decision.</p>
<p>Thank you very much for your participation in the next Marché de la Mode Vintage, and we wish you our best regards.</p>
<p>The commercial team</p>
<p>pjbrivet sas &#8211; marché de la mode vintage</p>
<p>&nbsp;</p>
<p>&nbsp;</p>

<p>&nbsp; The commercial team of the Marché de la Mode Vintage has received your registration request and we thank you in advance for your participation. [&hellip;]</p>

<!-- This site is optimized with the Yoast SEO plugin v27.0 - https://yoast.com/product/yoast-seo-wordpress/ -->
<title>Thank you for your registration - Marché de la Mode Vintage</title>
<meta name="robots" content="index, follow, max-snippet:-1, max-image-preview:large, max-video-preview:-1" />
<link rel="canonical" href="https://www.marchemodevintage.com/en/exhibitors-form/thank-registration/" />
<meta property="og:locale" content="en_US" />
<meta property="og:type" content="article" />
<meta property="og:title" content="Thank you for your registration - Marché de la Mode Vintage" />
<meta property="og:description" content="&nbsp; The commercial team of the Marché de la Mode Vintage has received your registration request and we thank you in advance for your participation. [&hellip;]" />
<meta property="og:url" content="https://www.marchemodevintage.com/en/exhibitors-form/thank-registration/" />
<meta property="og:site_name" content="Marché de la Mode Vintage" />
<meta name="twitter:label1" content="Est. reading time" />
	<meta name="twitter:data1" content="1 minute" />
<!-- / Yoast SEO plugin. -->

Thank you for your registration - Marché de la Mode Vintage

&nbsp; The commercial team of the Marché de la Mode Vintage has received your registration request and we thank you in advance for your participation. [&hellip;]

Marché de la Mode Vintage

L'équipe commerciale du salon Marché de la Mode Vintage a bien reçu votre demande d'inscription et nous vous en remercions. Nous allons traiter votre demande et nous vous ferons parvenir votre facture définitive qui vaudra acceptation de votre participation. En cas de besoin, notre équipe commerciale vous contactera pour préciser…

La 30ᵉ édition du Marché de la Mode Vintage à Lyon, c'est fini ! Restez connectés pour la suite... ✨   Événement référence dans l’univers du vintage en France, le Marché de la Mode Vintage célèbrera en 2026 sa 30ᵉ édition. Mode, accessoires, décoration, mobilier, rétrogaming… une sélection variée vous…

Le prochain salon du Marché de la Mode Vintage revient les 15 et 16 mars 2025 ! LYON : Retour sur les 5 et 6 octobre 2024 à La Sucrière Confluence Après un retour remarqué en 2018 dans le quartier de la Confluence à LYON où il est né, le Marché de…

MyMarchy, votre rendez-vous créateurs, lifestyle et vintage en ligne

MyMarchy, notre place de marché engagée ! Des marques lifestyle, des artisans, des créateurs, des marchands vintage ont choisi MyMarchy pour vendre auprès de vous leur collection fait-main, made in France ou seconde main… De quoi vous faire plaisir toute l'année, même en dehors de nos salons ! MyMarchy c’est quoi…

Contact Presse Lyon : Christelle Cimetière - Agence emc 04.72.19.69.36 presse@agence-emc.com   Contact Presse Toulon : Hugo Robert - Ivanhoé 04.78.92.68.17 communication@ivanor.fr   LYON 07.08 Mars 2026 Communiqué de Presse Marché de la Mode Vintage LYON 07.08 mars 2026 Retombée presse : Le Marché de la mode vintage sort le…

Avec le support de la métropole du Grand Lyon, le salon du Marché de la Mode Vintage bénéficie à nouveau d'une puissante campagne d'affichage à Lyon.    Pour lancer l'enseigne à Lyon, Hard Rock Café a choisi de s'associer au salon du Marché de la Mode Vintage dont le public…
