{"id":9871,"date":"2014-12-05T14:18:31","date_gmt":"2014-12-05T14:18:31","guid":{"rendered":"https:\/\/www.marchemodevintage.com\/wp-content\/uploads\/CP_MVF_bilan.pdf"},"modified":"2014-12-05T14:18:31","modified_gmt":"2014-12-05T14:18:31","slug":"cp_mvf_bilan-3","status":"inherit","type":"attachment","link":"https:\/\/www.marchemodevintage.com\/en\/cp_mvf_bilan-3\/","title":{"rendered":"Communiqu\u00e9 de Presse 26 novembre 2014"},"author":4,"featured_media":0,"comment_status":"open","ping_status":"closed","template":"","meta":{"_acf_changed":false},"class_list":["post-9871","attachment","type-attachment","status-inherit","hentry"],"acf":[],"yoast_head":"<!-- This site is optimized with the Yoast SEO plugin v27.0 - https:\/\/yoast.com\/product\/yoast-seo-wordpress\/ -->\n<title>Communiqu\u00e9 de Presse 26 novembre 2014 - March\u00e9 de la Mode Vintage<\/title>\n<meta name=\"robots\" content=\"index, follow, max-snippet:-1, max-image-preview:large, max-video-preview:-1\" \/>\n<link rel=\"canonical\" href=\"https:\/\/www.marchemodevintage.com\/wp-content\/uploads\/CP_MVF_bilan.pdf\" \/>\n<meta property=\"og:locale\" content=\"en_US\" \/>\n<meta property=\"og:type\" content=\"article\" \/>\n<meta property=\"og:title\" content=\"Communiqu\u00e9 de Presse 26 novembre 2014 - March\u00e9 de la Mode Vintage\" \/>\n<meta property=\"og:description\" content=\"Communiqu\u00e9 de Presse 26 novembre 2014\" \/>\n<meta property=\"og:url\" content=\"https:\/\/www.marchemodevintage.com\/wp-content\/uploads\/CP_MVF_bilan.pdf\" \/>\n<meta property=\"og:site_name\" content=\"March\u00e9 de la Mode Vintage\" \/>\n<!-- \/ Yoast SEO plugin. -->","yoast_head_json":{"title":"Communiqu\u00e9 de Presse 26 novembre 2014 - March\u00e9 de la Mode Vintage","robots":{"index":"index","follow":"follow","max-snippet":"max-snippet:-1","max-image-preview":"max-image-preview:large","max-video-preview":"max-video-preview:-1"},"canonical":"https:\/\/www.marchemodevintage.com\/wp-content\/uploads\/CP_MVF_bilan.pdf","og_locale":"en_US","og_type":"article","og_title":"Communiqu\u00e9 de Presse 26 novembre 2014 - March\u00e9 de la Mode Vintage","og_description":"Communiqu\u00e9 de Presse 26 novembre 2014","og_url":"https:\/\/www.marchemodevintage.com\/wp-content\/uploads\/CP_MVF_bilan.pdf","og_site_name":"March\u00e9 de la Mode Vintage","schema":{"@context":"https:\/\/schema.org","@graph":[{"@type":"WebPage","@id":"https:\/\/www.marchemodevintage.com\/wp-content\/uploads\/CP_MVF_bilan.pdf","url":"https:\/\/www.marchemodevintage.com\/wp-content\/uploads\/CP_MVF_bilan.pdf","name":"Communiqu\u00e9 de Presse 26 novembre 2014 - March\u00e9 de la Mode Vintage","isPartOf":{"@id":"https:\/\/www.marchemodevintage.com\/#website"},"datePublished":"2014-12-05T14:18:31+00:00","breadcrumb":{"@id":"https:\/\/www.marchemodevintage.com\/wp-content\/uploads\/CP_MVF_bilan.pdf#breadcrumb"},"inLanguage":"en-US","potentialAction":[{"@type":"ReadAction","target":["https:\/\/www.marchemodevintage.com\/wp-content\/uploads\/CP_MVF_bilan.pdf"]}]},{"@type":"BreadcrumbList","@id":"https:\/\/www.marchemodevintage.com\/wp-content\/uploads\/CP_MVF_bilan.pdf#breadcrumb","itemListElement":[{"@type":"ListItem","position":1,"name":"Home","item":"https:\/\/www.marchemodevintage.com\/en\/"},{"@type":"ListItem","position":2,"name":"Communiqu\u00e9 de Presse 26 novembre 2014"}]},{"@type":"WebSite","@id":"https:\/\/www.marchemodevintage.com\/#website","url":"https:\/\/www.marchemodevintage.com\/","name":"March\u00e9 de la Mode Vintage","description":"Le salon du vintage depuis 2001","potentialAction":[{"@type":"SearchAction","target":{"@type":"EntryPoint","urlTemplate":"https:\/\/www.marchemodevintage.com\/?s={search_term_string}"},"query-input":{"@type":"PropertyValueSpecification","valueRequired":true,"valueName":"search_term_string"}}],"inLanguage":"en-US"}]}},"jetpack_sharing_enabled":true,"jetpack_shortlink":"https:\/\/wp.me\/a9mabT-2zd","description":{"rendered":"<p class=\"attachment\"><a href='https:\/\/www.marchemodevintage.com\/wp-content\/uploads\/CP_MVF_bilan.pdf'>Communiqu\u00e9 de Presse 26 novembre 2014<\/a><\/p>\n"},"caption":{"rendered":"<p>Communiqu\u00e9 de Presse 26 novembre 2014<\/p>\n"},"alt_text":"","media_type":"file","mime_type":"application\/pdf","media_details":{},"post":null,"source_url":"https:\/\/www.marchemodevintage.com\/wp-content\/uploads\/CP_MVF_bilan.pdf","_links":{"self":[{"href":"https:\/\/www.marchemodevintage.com\/en\/wp-json\/wp\/v2\/media\/9871","targetHints":{"allow":["GET"]}}],"collection":[{"href":"https:\/\/www.marchemodevintage.com\/en\/wp-json\/wp\/v2\/media"}],"about":[{"href":"https:\/\/www.marchemodevintage.com\/en\/wp-json\/wp\/v2\/types\/attachment"}],"author":[{"embeddable":true,"href":"https:\/\/www.marchemodevintage.com\/en\/wp-json\/wp\/v2\/users\/4"}],"replies":[{"embeddable":true,"href":"https:\/\/www.marchemodevintage.com\/en\/wp-json\/wp\/v2\/comments?post=9871"}]}}

Communiqué de Presse 26 novembre 2014

<!-- This site is optimized with the Yoast SEO plugin v27.0 - https://yoast.com/product/yoast-seo-wordpress/ -->
<title>Communiqué de Presse 26 novembre 2014 - Marché de la Mode Vintage</title>
<meta name="robots" content="index, follow, max-snippet:-1, max-image-preview:large, max-video-preview:-1" />
<link rel="canonical" href="https://www.marchemodevintage.com/wp-content/uploads/CP_MVF_bilan.pdf" />
<meta property="og:locale" content="en_US" />
<meta property="og:type" content="article" />
<meta property="og:title" content="Communiqué de Presse 26 novembre 2014 - Marché de la Mode Vintage" />
<meta property="og:description" content="Communiqué de Presse 26 novembre 2014" />
<meta property="og:url" content="https://www.marchemodevintage.com/wp-content/uploads/CP_MVF_bilan.pdf" />
<meta property="og:site_name" content="Marché de la Mode Vintage" />
<!-- / Yoast SEO plugin. -->

Communiqué de Presse 26 novembre 2014 - Marché de la Mode Vintage

Marché de la Mode Vintage

<p class="attachment"><a href='https://www.marchemodevintage.com/wp-content/uploads/CP_MVF_bilan.pdf'>Communiqué de Presse 26 novembre 2014</a></p>

<p>Communiqué de Presse 26 novembre 2014</p>
