{"id":11158,"date":"2019-03-29T14:07:39","date_gmt":"2019-03-29T14:07:39","guid":{"rendered":"https:\/\/www.marchemodevintage.com\/wp-content\/uploads\/Capture-d\u2019\u00e9cran-2019-03-29-\u00e0-15.06.35.png"},"modified":"2019-03-29T14:07:39","modified_gmt":"2019-03-29T14:07:39","slug":"capture-decran-2019-03-29-a-15-06-35-2","status":"inherit","type":"attachment","link":"https:\/\/www.marchemodevintage.com\/en\/capture-decran-2019-03-29-a-15-06-35-2\/","title":{"rendered":"chez-coco-mode-robes"},"author":9,"featured_media":0,"comment_status":"closed","ping_status":"closed","template":"","meta":{"_acf_changed":false},"class_list":["post-11158","attachment","type-attachment","status-inherit","hentry"],"acf":[],"yoast_head":"<!-- This site is optimized with the Yoast SEO plugin v27.0 - https:\/\/yoast.com\/product\/yoast-seo-wordpress\/ -->\n<title>chez-coco-mode-robes - March\u00e9 de la Mode Vintage<\/title>\n<meta name=\"robots\" content=\"index, follow, max-snippet:-1, max-image-preview:large, max-video-preview:-1\" \/>\n<link rel=\"canonical\" href=\"https:\/\/www.marchemodevintage.com\/wp-content\/uploads\/Capture-d\u2019\u00e9cran-2019-03-29-\u00e0-15.06.35-e1553869505339.png\" \/>\n<meta property=\"og:locale\" content=\"en_US\" \/>\n<meta property=\"og:type\" content=\"article\" \/>\n<meta property=\"og:title\" content=\"chez-coco-mode-robes - March\u00e9 de la Mode Vintage\" \/>\n<meta property=\"og:description\" content=\"chez-coco-mode-robes\" \/>\n<meta property=\"og:url\" content=\"https:\/\/www.marchemodevintage.com\/wp-content\/uploads\/Capture-d\u2019\u00e9cran-2019-03-29-\u00e0-15.06.35-e1553869505339.png\" \/>\n<meta property=\"og:site_name\" content=\"March\u00e9 de la Mode Vintage\" \/>\n<meta property=\"og:image\" content=\"https:\/\/www.marchemodevintage.com\/wp-content\/uploads\/Capture-d\u2019\u00e9cran-2019-03-29-\u00e0-15.06.35-e1553869505339.png\" \/>\n\t<meta property=\"og:image:width\" content=\"580\" \/>\n\t<meta property=\"og:image:height\" content=\"551\" \/>\n\t<meta property=\"og:image:type\" content=\"image\/png\" \/>\n<!-- \/ Yoast SEO plugin. -->","yoast_head_json":{"title":"chez-coco-mode-robes - March\u00e9 de la Mode Vintage","robots":{"index":"index","follow":"follow","max-snippet":"max-snippet:-1","max-image-preview":"max-image-preview:large","max-video-preview":"max-video-preview:-1"},"canonical":"https:\/\/www.marchemodevintage.com\/wp-content\/uploads\/Capture-d\u2019\u00e9cran-2019-03-29-\u00e0-15.06.35-e1553869505339.png","og_locale":"en_US","og_type":"article","og_title":"chez-coco-mode-robes - March\u00e9 de la Mode Vintage","og_description":"chez-coco-mode-robes","og_url":"https:\/\/www.marchemodevintage.com\/wp-content\/uploads\/Capture-d\u2019\u00e9cran-2019-03-29-\u00e0-15.06.35-e1553869505339.png","og_site_name":"March\u00e9 de la Mode Vintage","og_image":[{"width":580,"height":551,"url":"https:\/\/www.marchemodevintage.com\/wp-content\/uploads\/Capture-d\u2019\u00e9cran-2019-03-29-\u00e0-15.06.35-e1553869505339.png","type":"image\/png"}],"schema":{"@context":"https:\/\/schema.org","@graph":[{"@type":"WebPage","@id":"https:\/\/www.marchemodevintage.com\/wp-content\/uploads\/Capture-d\u2019\u00e9cran-2019-03-29-\u00e0-15.06.35-e1553869505339.png","url":"https:\/\/www.marchemodevintage.com\/wp-content\/uploads\/Capture-d\u2019\u00e9cran-2019-03-29-\u00e0-15.06.35-e1553869505339.png","name":"chez-coco-mode-robes - March\u00e9 de la Mode Vintage","isPartOf":{"@id":"https:\/\/www.marchemodevintage.com\/#website"},"datePublished":"2019-03-29T14:07:39+00:00","breadcrumb":{"@id":"https:\/\/www.marchemodevintage.com\/wp-content\/uploads\/Capture-d\u2019\u00e9cran-2019-03-29-\u00e0-15.06.35-e1553869505339.png#breadcrumb"},"inLanguage":"en-US","potentialAction":[{"@type":"ReadAction","target":["https:\/\/www.marchemodevintage.com\/wp-content\/uploads\/Capture-d\u2019\u00e9cran-2019-03-29-\u00e0-15.06.35-e1553869505339.png"]}]},{"@type":"BreadcrumbList","@id":"https:\/\/www.marchemodevintage.com\/wp-content\/uploads\/Capture-d\u2019\u00e9cran-2019-03-29-\u00e0-15.06.35-e1553869505339.png#breadcrumb","itemListElement":[{"@type":"ListItem","position":1,"name":"Home","item":"https:\/\/www.marchemodevintage.com\/en\/"},{"@type":"ListItem","position":2,"name":"chez-coco-mode-robes"}]},{"@type":"WebSite","@id":"https:\/\/www.marchemodevintage.com\/#website","url":"https:\/\/www.marchemodevintage.com\/","name":"March\u00e9 de la Mode Vintage","description":"Le salon du vintage depuis 2001","potentialAction":[{"@type":"SearchAction","target":{"@type":"EntryPoint","urlTemplate":"https:\/\/www.marchemodevintage.com\/?s={search_term_string}"},"query-input":{"@type":"PropertyValueSpecification","valueRequired":true,"valueName":"search_term_string"}}],"inLanguage":"en-US"}]}},"jetpack_sharing_enabled":true,"jetpack_shortlink":"https:\/\/wp.me\/a9mabT-2TY","description":{"rendered":"<p class=\"attachment\"><a href='https:\/\/www.marchemodevintage.com\/wp-content\/uploads\/Capture-d\u2019\u00e9cran-2019-03-29-\u00e0-15.06.35-e1553869505339.png'><img loading=\"lazy\" decoding=\"async\" width=\"300\" height=\"161\" src=\"https:\/\/www.marchemodevintage.com\/wp-content\/uploads\/Capture-d\u2019\u00e9cran-2019-03-29-\u00e0-15.06.35-e1553869505339-323x173.png\" class=\"attachment-medium size-medium\" alt=\"chez-coco-mode-robes\" data-attachment-id=\"11158\" data-permalink=\"https:\/\/www.marchemodevintage.com\/en\/capture-decran-2019-03-29-a-15-06-35-2\/\" data-orig-file=\"https:\/\/www.marchemodevintage.com\/wp-content\/uploads\/Capture-d\u2019\u00e9cran-2019-03-29-\u00e0-15.06.35-e1553869505339.png\" data-orig-size=\"580,551\" data-comments-opened=\"0\" data-image-meta=\"{&quot;aperture&quot;:&quot;0&quot;,&quot;credit&quot;:&quot;&quot;,&quot;camera&quot;:&quot;&quot;,&quot;caption&quot;:&quot;&quot;,&quot;created_timestamp&quot;:&quot;0&quot;,&quot;copyright&quot;:&quot;&quot;,&quot;focal_length&quot;:&quot;0&quot;,&quot;iso&quot;:&quot;0&quot;,&quot;shutter_speed&quot;:&quot;0&quot;,&quot;title&quot;:&quot;&quot;,&quot;orientation&quot;:&quot;0&quot;}\" data-image-title=\"chez-coco-mode-robes\" data-image-description=\"&lt;p&gt;chez-coco-mode-robes&lt;\/p&gt;\n\" data-image-caption=\"\" data-medium-file=\"https:\/\/www.marchemodevintage.com\/wp-content\/uploads\/Capture-d\u2019\u00e9cran-2019-03-29-\u00e0-15.06.35-e1553869505339-323x173.png\" data-large-file=\"https:\/\/www.marchemodevintage.com\/wp-content\/uploads\/Capture-d\u2019\u00e9cran-2019-03-29-\u00e0-15.06.35-e1553869505339.png\" \/><\/a><\/p>\n<p>chez-coco-mode-robes<\/p>\n"},"caption":{"rendered":"<p>chez-coco-mode-robes<\/p>\n"},"alt_text":"chez-coco-mode-robes","media_type":"image","mime_type":"image\/png","media_details":{"width":580,"height":551,"file":"Capture-d\u2019\u00e9cran-2019-03-29-\u00e0-15.06.35-e1553869505339.png","sizes":{"thumbnail":{"file":"Capture-d\u2019\u00e9cran-2019-03-29-\u00e0-15.06.35-e1553869505339-212x212.png","width":212,"height":212,"mime_type":"image\/png","source_url":"https:\/\/www.marchemodevintage.com\/wp-content\/uploads\/Capture-d\u2019\u00e9cran-2019-03-29-\u00e0-15.06.35-e1553869505339-212x212.png"},"medium":{"file":"Capture-d\u2019\u00e9cran-2019-03-29-\u00e0-15.06.35-e1553869505339-323x173.png","width":323,"height":173,"mime_type":"image\/png","source_url":"https:\/\/www.marchemodevintage.com\/wp-content\/uploads\/Capture-d\u2019\u00e9cran-2019-03-29-\u00e0-15.06.35-e1553869505339-323x173.png"},"slide":{"file":"Capture-d\u2019\u00e9cran-2019-03-29-\u00e0-15.06.35-e1553869505339-580x416.png","width":580,"height":416,"mime_type":"image\/png","source_url":"https:\/\/www.marchemodevintage.com\/wp-content\/uploads\/Capture-d\u2019\u00e9cran-2019-03-29-\u00e0-15.06.35-e1553869505339-580x416.png"},"carre":{"file":"Capture-d\u2019\u00e9cran-2019-03-29-\u00e0-15.06.35-e1553869505339-210x210.png","width":210,"height":210,"mime_type":"image\/png","source_url":"https:\/\/www.marchemodevintage.com\/wp-content\/uploads\/Capture-d\u2019\u00e9cran-2019-03-29-\u00e0-15.06.35-e1553869505339-210x210.png"},"carre-big":{"file":"Capture-d\u2019\u00e9cran-2019-03-29-\u00e0-15.06.35-e1553869505339-370x370.png","width":370,"height":370,"mime_type":"image\/png","source_url":"https:\/\/www.marchemodevintage.com\/wp-content\/uploads\/Capture-d\u2019\u00e9cran-2019-03-29-\u00e0-15.06.35-e1553869505339-370x370.png"},"page":{"file":"Capture-d\u2019\u00e9cran-2019-03-29-\u00e0-15.06.35-e1553869505339-580x243.png","width":580,"height":243,"mime_type":"image\/png","source_url":"https:\/\/www.marchemodevintage.com\/wp-content\/uploads\/Capture-d\u2019\u00e9cran-2019-03-29-\u00e0-15.06.35-e1553869505339-580x243.png"},"evenement":{"file":"Capture-d\u2019\u00e9cran-2019-03-29-\u00e0-15.06.35-e1553869505339-580x475.png","width":580,"height":475,"mime_type":"image\/png","source_url":"https:\/\/www.marchemodevintage.com\/wp-content\/uploads\/Capture-d\u2019\u00e9cran-2019-03-29-\u00e0-15.06.35-e1553869505339-580x475.png"},"content":{"file":"Capture-d\u2019\u00e9cran-2019-03-29-\u00e0-15.06.35-e1553869505339-300x285.png","width":300,"height":285,"mime_type":"image\/png","source_url":"https:\/\/www.marchemodevintage.com\/wp-content\/uploads\/Capture-d\u2019\u00e9cran-2019-03-29-\u00e0-15.06.35-e1553869505339-300x285.png"},"full":{"file":"Capture-d\u2019\u00e9cran-2019-03-29-\u00e0-15.06.35-e1553869505339.png","width":580,"height":551,"mime_type":"image\/png","source_url":"https:\/\/www.marchemodevintage.com\/wp-content\/uploads\/Capture-d\u2019\u00e9cran-2019-03-29-\u00e0-15.06.35-e1553869505339.png"}},"image_meta":{"aperture":"0","credit":"","camera":"","caption":"","created_timestamp":"0","copyright":"","focal_length":"0","iso":"0","shutter_speed":"0","title":"","orientation":"0","keywords":[]}},"post":null,"source_url":"https:\/\/www.marchemodevintage.com\/wp-content\/uploads\/Capture-d\u2019\u00e9cran-2019-03-29-\u00e0-15.06.35-e1553869505339.png","_links":{"self":[{"href":"https:\/\/www.marchemodevintage.com\/en\/wp-json\/wp\/v2\/media\/11158","targetHints":{"allow":["GET"]}}],"collection":[{"href":"https:\/\/www.marchemodevintage.com\/en\/wp-json\/wp\/v2\/media"}],"about":[{"href":"https:\/\/www.marchemodevintage.com\/en\/wp-json\/wp\/v2\/types\/attachment"}],"author":[{"embeddable":true,"href":"https:\/\/www.marchemodevintage.com\/en\/wp-json\/wp\/v2\/users\/9"}],"replies":[{"embeddable":true,"href":"https:\/\/www.marchemodevintage.com\/en\/wp-json\/wp\/v2\/comments?post=11158"}]}}

https://www.marchemodevintage.com/wp-content/uploads/Capture-d’écran-2019-03-29-à-15.06.35.png

<!-- This site is optimized with the Yoast SEO plugin v27.0 - https://yoast.com/product/yoast-seo-wordpress/ -->
<title>chez-coco-mode-robes - Marché de la Mode Vintage</title>
<meta name="robots" content="index, follow, max-snippet:-1, max-image-preview:large, max-video-preview:-1" />
<link rel="canonical" href="https://www.marchemodevintage.com/wp-content/uploads/Capture-d’écran-2019-03-29-à-15.06.35-e1553869505339.png" />
<meta property="og:locale" content="en_US" />
<meta property="og:type" content="article" />
<meta property="og:title" content="chez-coco-mode-robes - Marché de la Mode Vintage" />
<meta property="og:description" content="chez-coco-mode-robes" />
<meta property="og:url" content="https://www.marchemodevintage.com/wp-content/uploads/Capture-d’écran-2019-03-29-à-15.06.35-e1553869505339.png" />
<meta property="og:site_name" content="Marché de la Mode Vintage" />
<meta property="og:image" content="https://www.marchemodevintage.com/wp-content/uploads/Capture-d’écran-2019-03-29-à-15.06.35-e1553869505339.png" />
	<meta property="og:image:width" content="580" />
	<meta property="og:image:height" content="551" />
	<meta property="og:image:type" content="image/png" />
<!-- / Yoast SEO plugin. -->

chez-coco-mode-robes - Marché de la Mode Vintage

https://www.marchemodevintage.com/wp-content/uploads/Capture-d’écran-2019-03-29-à-15.06.35-e1553869505339.png

Marché de la Mode Vintage

https://www.marchemodevintage.com/wp-content/uploads/Capture-d’écran-2019-03-29-à-15.06.35-e1553869505339.png#breadcrumb

<p class="attachment"><a href='https://www.marchemodevintage.com/wp-content/uploads/Capture-d’écran-2019-03-29-à-15.06.35-e1553869505339.png'><img loading="lazy" decoding="async" width="300" height="161" src="https://www.marchemodevintage.com/wp-content/uploads/Capture-d’écran-2019-03-29-à-15.06.35-e1553869505339-323x173.png" class="attachment-medium size-medium" alt="chez-coco-mode-robes" data-attachment-id="11158" data-permalink="https://www.marchemodevintage.com/en/capture-decran-2019-03-29-a-15-06-35-2/" data-orig-file="https://www.marchemodevintage.com/wp-content/uploads/Capture-d’écran-2019-03-29-à-15.06.35-e1553869505339.png" data-orig-size="580,551" data-comments-opened="0" data-image-meta="{&quot;aperture&quot;:&quot;0&quot;,&quot;credit&quot;:&quot;&quot;,&quot;camera&quot;:&quot;&quot;,&quot;caption&quot;:&quot;&quot;,&quot;created_timestamp&quot;:&quot;0&quot;,&quot;copyright&quot;:&quot;&quot;,&quot;focal_length&quot;:&quot;0&quot;,&quot;iso&quot;:&quot;0&quot;,&quot;shutter_speed&quot;:&quot;0&quot;,&quot;title&quot;:&quot;&quot;,&quot;orientation&quot;:&quot;0&quot;}" data-image-title="chez-coco-mode-robes" data-image-description="&lt;p&gt;chez-coco-mode-robes&lt;/p&gt;
" data-image-caption="" data-medium-file="https://www.marchemodevintage.com/wp-content/uploads/Capture-d’écran-2019-03-29-à-15.06.35-e1553869505339-323x173.png" data-large-file="https://www.marchemodevintage.com/wp-content/uploads/Capture-d’écran-2019-03-29-à-15.06.35-e1553869505339.png" /></a></p>
<p>chez-coco-mode-robes</p>

Capture-d’écran-2019-03-29-à-15.06.35-e1553869505339.png

Capture-d’écran-2019-03-29-à-15.06.35-e1553869505339-212x212.png

https://www.marchemodevintage.com/wp-content/uploads/Capture-d’écran-2019-03-29-à-15.06.35-e1553869505339-212x212.png

Capture-d’écran-2019-03-29-à-15.06.35-e1553869505339-323x173.png

https://www.marchemodevintage.com/wp-content/uploads/Capture-d’écran-2019-03-29-à-15.06.35-e1553869505339-323x173.png

Capture-d’écran-2019-03-29-à-15.06.35-e1553869505339-580x416.png

https://www.marchemodevintage.com/wp-content/uploads/Capture-d’écran-2019-03-29-à-15.06.35-e1553869505339-580x416.png

Capture-d’écran-2019-03-29-à-15.06.35-e1553869505339-210x210.png

https://www.marchemodevintage.com/wp-content/uploads/Capture-d’écran-2019-03-29-à-15.06.35-e1553869505339-210x210.png

Capture-d’écran-2019-03-29-à-15.06.35-e1553869505339-370x370.png

https://www.marchemodevintage.com/wp-content/uploads/Capture-d’écran-2019-03-29-à-15.06.35-e1553869505339-370x370.png

Capture-d’écran-2019-03-29-à-15.06.35-e1553869505339-580x243.png

https://www.marchemodevintage.com/wp-content/uploads/Capture-d’écran-2019-03-29-à-15.06.35-e1553869505339-580x243.png

Capture-d’écran-2019-03-29-à-15.06.35-e1553869505339-580x475.png

https://www.marchemodevintage.com/wp-content/uploads/Capture-d’écran-2019-03-29-à-15.06.35-e1553869505339-580x475.png

Capture-d’écran-2019-03-29-à-15.06.35-e1553869505339-300x285.png

https://www.marchemodevintage.com/wp-content/uploads/Capture-d’écran-2019-03-29-à-15.06.35-e1553869505339-300x285.png
